s of 1220?
2, 5, 61
List the prime factors of 5796.
2, 3, 7, 23
What are the prime factors of 98576?
2, 61, 101
List the prime factors of 471.
3, 157
List the prime factors of 525.
3, 5, 7
List the prime factors of 6330.
2, 3, 5, 211
List the prime factors of 8008.
2, 7, 11, 13
List the prime factors of 2914.
2, 31, 47
What are the prime factors of 1872?
2, 3, 13
What are the prime factors of 27154?
2, 13577
List the prime factors of 122032.
2, 29, 263
What are the prime factors of 979?
11, 89
What are the prime factors of 22551?
3, 7517
What are the prime factors of 38727?
3, 13, 331
What are the prime factors of 807?
3, 269
What are the prime factors of 1150?
2, 5, 23
What are the prime factors of 5916?
2, 3, 17, 29
What are the prime factors of 4756?
2, 29, 41
List the prime factors of 2483.
13, 191
List the prime factors of 20991.
3, 6997
List the prime factors of 34527.
3, 17, 677
List the prime factors of 100565.
5, 20113
What are the prime factors of 948?
2, 3, 79
List the prime factors of 748.
2, 11, 17
List the prime factors of 23388.
2, 3, 1949
List the prime factors of 7060.
2, 5, 353
List the prime factors of 162078.
2, 3, 7, 17, 227
What are the prime factors of 441?
3, 7
List the prime factors of 10193.
10193
What are the prime factors of 171327?
3, 13, 23, 191
What are the prime factors of 27329?
27329
What are the prime factors of 22060?
2, 5, 1103
What are the prime factors of 40967?
71, 577
List the prime factors of 1414.
2, 7, 101
What are the prime factors of 13228?
2, 3307
List the prime factors of 27269.
11, 37, 67
List the prime factors of 93156.
2, 3, 7, 1109
List the prime factors of 394.
2, 197
What are the prime factors of 2476?
2, 619
What are the prime factors of 779?
19, 41
What are the prime factors of 10417?
11, 947
What are the prime factors of 1042?
2, 521
What are the prime factors of 895?
5, 179
What are the prime factors of 441?
3, 7
What are the prime factors of 1643?
31, 53
What are the prime factors of 190?
2, 5, 19
List the prime factors of 28157.
37, 761
What are the prime factors of 491?
491
What are the prime factors of 2303?
7, 47
List the prime factors of 532.
2, 7, 19
List the prime factors of 8953.
7, 1279
List the prime factors of 156.
2, 3, 13
List the prime factors of 1854.
2, 3, 103
What are the prime factors of 57?
3, 19
List the prime factors of 1439.
1439
What are the prime factors of 57066?
2, 3, 9511
List the prime factors of 1803.
3, 601
What are the prime factors of 11082?
2, 3, 1847
List the prime factors of 1518.
2, 3, 11, 23
What are the prime factors of 2982?
2, 3, 7, 71
List the prime factors of 1511.
1511
What are the prime factors of 2530?
2, 5, 11, 23
What are the prime factors of 2059?
29, 71
What are the prime factors of 14384?
2, 29, 31
What are the prime factors of 6062?
2, 7, 433
What are the prime factors of 1001?
7, 11, 13
List the prime factors of 174.
2, 3, 29
List the prime factors of 9.
3
List the prime factors of 86891.
7, 12413
List the prime factors of 2305.
5, 461
What are the prime factors of 2512?
2, 157
List the prime factors of 14362.
2, 43, 167
What are the prime factors of 32521?
17, 1913
What are the prime factors of 54?
2, 3
What are the prime factors of 5946?
2, 3, 991
List the prime factors of 2633.
2633
What are the prime factors of 123319?
7, 79, 223
List the prime factors of 14788.
2, 3697
What are the prime factors of 1525?
5, 61
List the prime factors of 62419.
7, 37, 241
List the prime factors of 92523.
3, 30841
List the prime factors of 32338.
2, 19, 23, 37
What are the prime factors of 533?
13, 41
List the prime factors of 2638.
2, 1319
What are the prime factors of 42631?
89, 479
List the prime factors of 117790.
2, 5, 11779
What are the prime factors of 3281?
17, 193
What are the prime factors of 21824?
2, 11, 31
List the prime factors of 1438.
2, 719
List the prime factors of 13645.
5, 2729
What are the prime factors of 839?
839
What are the prime factors of 11616?
2, 3, 11
What are the prime factors of 5673?
3, 31, 61
What are the prime factors of 6361?
6361
What are the prime factors of 233?
233
What are the prime factors of 13677?
3, 47, 97
What are the prime factors of 1123?
1123
What are the prime factors of 2840?
2, 5, 71
List the prime factors of 136746.
2, 3, 71, 107
What are the prime factors of 157?
157
What are the prime factors of 3630?
2, 3, 5, 11
List the prime factors of 91.
7, 13
List the prime factors of 52015.
5, 101, 103
What are the prime factors of 59550?
2, 3, 5, 397
What are the prime factors of 13679?
13679
List the prime factors of 1358.
2, 7, 97
List the prime factors of 6049.
23, 263
What are the prime factors of 32359?
32359
List the prime factors of 21562.
2, 10781
What are the prime factors of 12802?
2, 37, 173
What are the prime factors of 803?
11, 73
What are the prime factors of 1992?
2, 3, 83
What are the prime factors of 1685?
5, 337
List the prime factors of 13272.
2, 3, 7, 79
What are the prime factors of 22866?
2, 3, 37, 103
What are the prime factors of 1633?
23, 71
What are the prime factors of 943?
23, 41
What are the prime factors of 1163?
1163
List the prime factors of 87244.
2, 17, 1283
What are the prime factors of 827?
827
List the prime factors of 5259.
3, 1753
List the prime factors of 1194.
2, 3, 199
What are the prime factors of 1147?
31, 37
What are the prime factors of 12425?
5, 7, 71
List the prime factors of 504.
2, 3, 7
What are the prime factors of 23311?
23311
List the prime factors of 38903.
38903
List the prime factors of 11190.
2, 3, 5, 373
What are the prime factors of 1112?
2, 139
What are the prime factors of 4074?
2, 3, 7, 97
List the prime factors of 15116.
2, 3779
What are the prime factors of 42222?
2, 3, 31, 227
List the prime factors of 2525.
5, 101
List the prime factors of 12076.
2, 3019
What are the prime factors of 39278?
2, 41, 479
What are the prime factors of 2880?
2, 3, 5
List the prime factors of 74380.
2, 5, 3719
What are the prime factors of 138?
2, 3, 23
List the prime factors of 6675.
3, 5, 89
List the prime factors of 2425.
5, 97
List the prime factors of 7.
7
List the prime factors of 38675.
5, 7, 13, 17
List the prime factors of 7041.
3, 2347
List the prime factors of 33774.
2, 3, 13, 433
List the prime factors of 173728.
2, 61, 89
List the prime factors of 9484.
2, 2371
List the prime factors of 2088.
2, 3, 29
What are the prime factors of 687?
3, 229
What are the prime factors of 607?
607
What are the prime factors of 26166?
2, 3, 7, 89
List the prime factors of 823.
823
List the prime factors of 11565.
3, 5, 257
What are the prime factors of 180550?
2, 5, 23, 157
List the prime factors of 4599.
3, 7, 73
List the prime factors of 16813.
17, 23, 43
List the prime factors of 7457.
7457
List the prime factors of 100551.
3, 11, 277
What are the prime factors of 54422?
2, 27211
What are the prime factors of 5051?
5051
List the prime factors of 1359.
3, 151
What are the prime factors of 62916?
2, 3, 7, 107
What are the prime factors of 5013?
3, 557
What are the prime factors of 1650?
2, 3, 5, 11
List the prime factors of 76528.
2, 4783
List the prime factors of 5626.
2, 29, 97
What are the prime factors of 329?
7, 47
List the prime factors of 10647.
3, 7, 13
What are the prime factors of 5442?
2, 3, 907
List the prime factors of 140.
2, 5, 7
What are the prime factors of 35647?
43, 829
List the prime factors of 506.
2, 11, 23
List the prime factors of 27821.
43, 647
What are the prime factors of 2455?
5, 491
What are the prime factors of 986?
2, 17, 29
List the prime factors of 6417.
3, 23, 31
List the prime factors of 6633.
3, 11, 67
What are the prime factors of 1235?
5, 13, 19
List the prime factors of 2852.
2, 23, 31
List the prime factors of 3054.
2, 3, 509
What are the prime factors of 572?
2, 11, 13
List the prime factors of 1395.
3, 5, 31
What are the prime factors of 1004?
2, 251
What are the prime factors of 52814?
2, 26407
List the prime factors of 73511.
19, 53, 73
What are the prime factors of 1611?
3, 179
List the prime factors of 1876.
2, 7, 67
What are the prime factors of 17298?
2, 3, 31
List the prime factors of 10102.
2, 5051
List the prime factors of 2705.
5, 541
List the prime factors of 3007.
31, 97
What are the prime factors of 1048?
2